. List the prime factors of b.
17
Let l be -7 + -4 - (0 - 0). Let y(c) = -c**3 - 11*c**2 - 11*c + 12. List the prime factors of y(l).
7, 19
Suppose -67*c = -73*c + 3180. What are the prime factors of c?
2, 5, 53
What are the prime factors of 3 + -3 + 0 - 1*-1099?
7, 157
Let j be (20/15)/(3/9). Suppose 0 = -5*f + 3*r - 26 + 172, -f + j*r + 19 = 0. What are the prime factors of f?
31
Suppose 19 - 51 = -k. Let l(o) = -o**2 - 36*o + 12. Let t be l(-36). Suppose -p + k = -t. List the prime factors of p.
2, 11
Let h = 43 - 39. Suppose -h*r = -3*i + 34 + 150, 0 = 4*i - r - 254. What are the prime factors of i?
2
Suppose i + 3*t - 1 = t, -i + 5*t = -1. Let x be (4 + -5)*-4*i. Suppose 0*a - x*a + 36 = 0. List the prime factors of a.
3
Suppose 0 = 5*h + 2*n - 940, -5*h + 822 + 123 = 3*n. Suppose 5*j + h + 45 = x, 0 = 5*x + 2*j - 1074. List the prime factors of x.
2, 3
Suppose 3*o = 2*o + 4. Suppose 2*j = -2*j + b + 575, -5*b = o*j - 581. What are the prime factors of j?
2, 3
Let o(f) = -67*f**3 + 6*f**2 + 5*f - 5. What are the prime factors of o(-2)?
5, 109
Suppose -5*a = -9*a - 172. Let p = 29 + a. Let n(d) = d**2 + 10*d - 10. List the prime factors of n(p).
2, 23
Let s = 17 + -11. Suppose 4*p - p = s. Suppose 4*g = 2*v + 138, -g - p*v = -7*v - 57. List the prime factors of g.
2
Let s(x) = -18*x + 6. Let l be s(2). Let m = 32 + l. Suppose 145 = 6*j - m*j - q, 34 = j + 2*q. What are the prime factors of j?
2, 3
Suppose 13*o + 29 = -10. What are the prime factors of -3*(o - (-570)/(-18))?
2, 13
Suppose 84*y = 13*y + 169619. List the prime factors of y.
2389
Suppose -13 = -15*k + 17. Suppose 0 = -3*o - 2*o - 5*v + 105, k*o + 5*v - 42 = 0. What are the prime factors of o?
3, 7
Let f = 470 + -187. Suppose -f - 130 = -5*s + 3*a, -2*s + 4*a + 154 = 0. What are the prime factors of s?
5, 17
Suppose 7*n - 7946 = -2514. List the prime factors of n.
2, 97
Let x = -72 + 112. Let u = x + -7. List the prime factors of u.
3, 11
Suppose 2*l + 4804 = 2*j, -3*j = 3*l + l - 7178. What are the prime factors of j?
2, 11, 109
Let h = 5792 - 3094. List the prime factors of h.
2, 19, 71
Let b be (-12)/(-9) + (-2)/6. Let k(p) = 12*p. Let c be k(2). Let o = b + c. What are the prime factors of o?
5
Let c(v) be the first derivative of -v**4/4 - v**3/3 + v**2/2 + 13*v - 3. Suppose h - 5*h = 0. What are the prime factors of c(h)?
13
Suppose 150 = -5*m - 55. Let c be (-6)/(-6) + 1*m. What are the prime factors of ((-4)/(-5))/((-2)/c)?
2
Let z be 0 + (-1 + -2 - 2). Let r(y) = -y**3 + 3*y**2 + 5*y + 5. Let b be r(z). List the prime factors of (b/(-42))/(2/(-14)).
2, 3, 5
Let h(v) = 4 - v + v**2 - 2*v + 2*v. Let i be h(0). Suppose -45 = -i*c + 31. List the prime factors of c.
19
Suppose -210 = 19*a - 34*a. Suppose 5*b - 15 = -0. Let t = b + a. List the prime factors of t.
17
Suppose l + 352 = 5*l. Suppose -3*y = n - 16, 0 = 3*y + 2*y - 25. List the prime factors of n/(-3) - l/(-3).
29
Let f(r) = 7*r**3 + 2*r**2 - 7*r - 19. Let a(z) = -4*z**3 - z**2 + 4*z + 9. Let g(h) = -5*a(h) - 3*f(h). Let o be (2/(-4))/1*0. List the prime factors of g(o).
2, 3
Let r(l) be the second derivative of l**4/12 + l**3 + 11*l**2/2 + l. Let n = 3 + -13. What are the prime factors of r(n)?
3, 17
Let c = -46 + 34. Let x(g) = 2*g**2 + 17*g + 7. What are the prime factors of x(c)?
7, 13
Suppose -u + 64 = -16. Let c = u + -31. Let r = -24 + c. What are the prime factors of r?
5
Let h = 458 + -292. Let x = h + -55. What are the prime factors of x?
3, 37
Let a(c) = -c**3 + 14*c**2 + 19*c - 40. What are the prime factors of a(14)?
2, 113
Let b = -12 + 5. Let w = -3 - b. Suppose -n = -4*n - 3, w*n = 2*o - 16. What are the prime factors of o?
2, 3
Let v(j) = 2*j**2 + j - 9. List the prime factors of v(8).
127
Suppose 4*q - 483 = -3*q. Suppose q + 29 = g. List the prime factors of g.
2, 7
Let f = 111 + -55. Let m = f - 26. List the prime factors of m.
2, 3, 5
Let q(u) = -u**3 + 12*u**2 + 11*u - 2. What are the prime factors of q(10)?
2, 7, 11
Suppose u = -4*u. What are the prime factors of u - -4 - (-40 + -10)?
2, 3
Suppose 7*a - 14211 = 2631. What are the prime factors of a?
2, 3, 401
List the prime factors of 22/77 - 1298/(-14).
3, 31
What are the prime factors of ((-5)/2 - -2)/(91/(-165074))?
907
Suppose y = 4*y. Let g(x) = x**2 + 16*x - 12. Let d be g(-17). Suppose y*v + 60 = d*v. What are the prime factors of v?
2, 3
Let v be 2 - 1/(2/(-6)). Suppose -c + 2 = -i - 6, -22 = c + v*i. Suppose -3*g - 24 = -c*t, 3*t - g = -11 + 37. What are the prime factors of t?
3
Suppose 3*b - 2*t - 169 = 2*t, 12 = -3*t. Let o = 29 - -60. Suppose -5*h + b + o = -5*a, 53 = h + 4*a. List the prime factors of h.
3, 11
Let r be -3 - -6 - (5 - -2). Let v(b) = -18*b + 15. List the prime factors of v(r).
3, 29
Suppose -3*q + 5*s + 27 = 0, 4*q + 3*s = 8 - 1. Suppose 503 = -d + 4*d + b, -4*d + 668 = q*b. List the prime factors of d.
2, 3, 7
Suppose -5*g + 2*p = -2*p - 100, 4*p + 20 = 0. Let z be (-2002)/8 - (-4)/g. Let s = -176 - z. What are the prime factors of s?
2, 37
Let d(v) = v**3 - 9*v**2 + 5*v + 6. Let x(j) = j**3 - 5*j**2 + 3*j + 3. Let s(a) = -4*d(a) + 7*x(a). What are the prime factors of s(4)?
11, 19
Let b(j) = -j**3 + 7*j**2 + 3*j - 3. Let t be b(7). Suppose -3*w = w - p + 23, 2*w - 3*p - 1 = 0. Let n = t - w. What are the prime factors of n?
5
Let x = -1408 + 3352. What are the prime factors of x?
2, 3
Let v(r) = -2*r + 6. Let a be v(-6). Let b = 14 - a. Let c(o) = -9*o + 3. What are the prime factors of c(b)?
3, 13
Suppose -2*k + 10 = 0, -4*k - k = 4*q - 2465. List the prime factors of q.
2, 5, 61
Let b be ((-228)/18)/(6/495). Let t be (-2)/(-6) + b/(-15). Suppose -k + 89 - 18 = 3*j, t = 2*j - 5*k. What are the prime factors of j?
5
Let f(g) be the first derivative of -47*g**2 + 2*g + 4. What are the prime factors of f(-2)?
2, 5, 19
Suppose 6*x - 81 = 15. Let p be -27*(x/(-3) - -4). Suppose -p = -13*t + 10*t. List the prime factors of t.
2, 3
Suppose -2*j + 27 + 127 = 0. Suppose -y = -4*w + y + 146, -2*w = 3*y - j. List the prime factors of w.
37
Let s(a) = -12*a + 3 + 6*a - 1 + 11*a. What are the prime factors of s(4)?
2, 11
Let v(d) be the third derivative of d**7/2520 + d**5/15 + d**4/12 - 2*d**2. Let x(t) be the second derivative of v(t). What are the prime factors of x(0)?
2
Let l be 0/20 + 1 + -2 + -1. List the prime factors of -24 + 51 + l + (1 - 0).
2, 13
Let h be 14/8 - (30/24)/(-5). Let j(l) = 28*l**2 + 6*l - 5. What are the prime factors of j(h)?
7, 17
Suppose -z = 2*z. Let a(x) be the first derivative of -x**2/2 + 7*x - 15. What are the prime factors of a(z)?
7
Let i(k) = k**2 + 9*k + 7. Suppose 3 = w - 20. Let m = 14 - w. What are the prime factors of i(m)?
7
Let g(b) be the first derivative of 2*b**3/3 - 2*b**2 + 11*b + 6. List the prime factors of g(6).
59
Let t = -10 - 11. Suppose a = 5*a + 56. What are the prime factors of (-615)/t - a/(-49)?
29
Let q = -423 + 661. Suppose 12 = -4*o, -q = 4*h - o + 3*o. What are the prime factors of (-1 + 2)/((-2)/h)?
29
Let g(r) = r**2 - 18*r + 12. Let j be g(20). Let w = j + 10. List the prime factors of w.
2, 31
Suppose 0 = 3*k + k - 496. Let j(b) = -14*b - 209. Let r be j(-21). Let m = k - r. List the prime factors of m.
3, 13
Suppose 5*z + 5*l = 10, 5*z - 3*l = -2*l + 10. Suppose -z*d + 85 + 69 = -2*c, 284 = 4*d + 2*c. What are the prime factors of d?
73
Let x = 443 - 192. Let h = 121 - x. List the prime factors of h/(-18) + 8/(-36).
7
Let l = 8 - 4. Suppose -4*t - l*y + 44 = 0, 4*t - 4*y - 68 = -0*y. Suppose -i + 16 = -p + 3*p, 3*p - t = i. What are the prime factors of p?
2, 3
Let x(u) = u + 14. Let m be x(6). List the prime factors of ((-66)/5)/((-6)/m).
2, 11
Let x(s) = 114*s - 34. What are the prime factors of x(13)?
2, 181
Let j(b) = b**3 + 32*b**2 + 73*b + 13. List the prime factors of j(-27).
7, 241
Suppose 3*u - 4547 = -5*f + 6590, 5*u = 3*f - 6655. What are the prime factors of f?
5, 89
Suppose -2513 = -16*d + 4399. List the prime factors of d.
2, 3
Let x = -7 + 9. Suppose 27 = x*l - 59. What are the prime factors of l?
43
Let f(w) = 3*w**3 - 3*w**2 + 4*w - 15. Let v be f(5). Let p = v - 217. What are the prime factors of p?
2, 11
Let w = 2831 + -1660. What are the prime factors of w?
1171
Let m(j) be the second derivative of -4*j**3/3 + 3*j**2 + 14*j. List